{"id":73,"date":"2024-09-09T22:55:57","date_gmt":"2024-09-09T22:55:57","guid":{"rendered":"https:\/\/telysel.com\/?page_id=73"},"modified":"2024-09-23T00:48:19","modified_gmt":"2024-09-23T00:48:19","slug":"73-2","status":"publish","type":"page","link":"https:\/\/telysel.com\/","title":{"rendered":"Principal"},"content":{"rendered":"<p>[et_pb_section fb_built=&#8221;1&#8243; fullwidth=&#8221;on&#8221; _builder_version=&#8221;4.18.1&#8243; _module_preset=&#8221;default&#8221; background_image=&#8221;https:\/\/telysel.com\/wp-content\/uploads\/2024\/09\/cloud-storage-background-remixed-from-public-domain-by-nasa-scaled.jpg&#8221; global_colors_info=&#8221;{}&#8221;][et_pb_fullwidth_slider use_bg_overlay=&#8221;off&#8221; use_text_overlay=&#8221;on&#8221; _builder_version=&#8221;4.18.1&#8243; _module_preset=&#8221;default&#8221; background_image=&#8221;https:\/\/telysel.com\/wp-content\/uploads\/2024\/09\/optical-fiber-background-1-scaled.jpg&#8221; box_shadow_style=&#8221;preset6&#8243; box_shadow_position=&#8221;outer&#8221; global_colors_info=&#8221;{}&#8221;][et_pb_slide heading=&#8221;TELYSEL&#8221; _builder_version=&#8221;4.18.1&#8243; _module_preset=&#8221;default&#8221; header_font=&#8221;Aldrich||||||||&#8221; header_font_size=&#8221;91px&#8221; header_letter_spacing=&#8221;0px&#8221; body_font=&#8221;|600|||||||&#8221; body_text_align=&#8221;center&#8221; body_line_height=&#8221;1.6em&#8221; background_image=&#8221;https:\/\/telysel.com\/wp-content\/uploads\/2024\/09\/cloud-storage-background-remixed-from-public-domain-by-nasa-scaled.jpg&#8221; background_enable_image=&#8221;on&#8221; transform_origin=&#8221;60%|40%&#8221; global_colors_info=&#8221;{}&#8221; sticky_transition=&#8221;on&#8221;]<\/p>\n<h2>Telecomunicaciones y Seguridad Electr\u00f3nica<\/h2>\n<p>Somos una empresa hondure\u00f1a dedicada a la integraci\u00f3n de soluciones de tecnolog\u00eda, comprometidos en la calidad de los productos y servicios ofrecidos a nuestros clientes. Contamos con un equipo de profesionales especializados en infraestructura de redes, dise\u00f1o, configuraci\u00f3n, administraci\u00f3n y mantenimiento.<\/p>\n<p>[\/et_pb_slide][et_pb_slide heading=&#8221;TE OFRECEMOS&#8221; _builder_version=&#8221;4.18.1&#8243; _module_preset=&#8221;default&#8221; header_font=&#8221;Aldrich||||||||&#8221; header_font_size=&#8221;70px&#8221; header_text_shadow_style=&#8221;preset2&#8243; global_colors_info=&#8221;{}&#8221; sticky_transition=&#8221;on&#8221;]<\/p>\n<h4>Compromiso, Innovaci\u00f3n y Calidad<\/h4>\n<p>Nos distinguimos por ofrecer cotidianamente a cada uno de nuestros clientes, innovaci\u00f3n, compromiso y calidad grupal a trav\u00e9s del desarrollo de ideas creativas en el cambio tecnol\u00f3gico.<\/p>\n<p>[\/et_pb_slide][\/et_pb_fullwidth_slider][\/et_pb_section][et_pb_section fb_built=&#8221;1&#8243; _builder_version=&#8221;4.18.1&#8243; _module_preset=&#8221;default&#8221; background_color=&#8221;#000000&#8243; global_colors_info=&#8221;{}&#8221;][et_pb_row column_structure=&#8221;1_4,3_4&#8243; _builder_version=&#8221;4.18.1&#8243; _module_preset=&#8221;default&#8221; global_colors_info=&#8221;{}&#8221;][et_pb_column type=&#8221;1_4&#8243; _builder_version=&#8221;4.18.1&#8243; _module_preset=&#8221;default&#8221; global_colors_info=&#8221;{}&#8221;][et_pb_image src=&#8221;https:\/\/telysel.com\/wp-content\/uploads\/2024\/09\/portrait-engineer-job-site-work-hours-scaled.jpg&#8221; title_text=&#8221;portrait-engineer-job-site-work-hours&#8221; _builder_version=&#8221;4.18.1&#8243; _module_preset=&#8221;default&#8221; transform_scale=&#8221;132%|132%&#8221; transform_translate=&#8221;3px|-44px&#8221; transform_origin=&#8221;100%|0%&#8221; global_colors_info=&#8221;{}&#8221;][\/et_pb_image][\/et_pb_column][et_pb_column type=&#8221;3_4&#8243; _builder_version=&#8221;4.18.1&#8243; _module_preset=&#8221;default&#8221; global_colors_info=&#8221;{}&#8221;][et_pb_text _builder_version=&#8221;4.18.1&#8243; _module_preset=&#8221;default&#8221; hover_enabled=&#8221;0&#8243; sticky_enabled=&#8221;0&#8243; header_font_size=&#8221;48px&#8221; header_text_color=&#8221;#FFFFFF&#8221;]<\/p>\n<h1 style=\"text-align: center;\">\u00bfQui\u00e9nes Somos?<\/h1>\n<p>[\/et_pb_text][et_pb_text _builder_version=&#8221;4.18.1&#8243; _module_preset=&#8221;default&#8221; hover_enabled=&#8221;0&#8243; sticky_enabled=&#8221;0&#8243;]<\/p>\n<p><span style=\"color: #ffffff;\">Somos una empresa hondure\u00f1a l\u00edder en la integraci\u00f3n de soluciones tecnol\u00f3gicas, con un firme compromiso en brindar productos y servicios de la m\u00e1s alta calidad a nuestros clientes. Nos distinguimos por nuestra dedicaci\u00f3n en ofrecer soluciones innovadoras que se adaptan a las necesidades cambiantes del mercado, asegurando siempre un enfoque personalizado y eficiente.<\/span><\/p>\n<p><span style=\"color: #ffffff;\">Contamos con un equipo de profesionales altamente capacitados y especializados en \u00e1reas clave como infraestructura de redes, dise\u00f1o, configuraci\u00f3n y mantenimiento de sistemas tecnol\u00f3gicos avanzados. Nuestra experiencia y conocimiento t\u00e9cnico nos permiten ofrecer soluciones integrales que optimizan el rendimiento y la seguridad de las redes de nuestros clientes.<\/span><\/p>\n<p><span style=\"color: #ffffff;\">En TELYSEL , nuestra misi\u00f3n es superar las expectativas de nuestros clientes, proporcionando un servicio excepcional basado en la confianza, la calidad y la innovaci\u00f3n. Apostamos por el crecimiento continuo, utilizando las mejores pr\u00e1cticas del sector tecnol\u00f3gico para asegurar resultados s\u00f3lidos y duraderos.<\/span><\/p>\n<p>[\/et_pb_text][\/et_pb_column][\/et_pb_row][\/et_pb_section][et_pb_section fb_built=&#8221;1&#8243; _builder_version=&#8221;4.18.1&#8243; _module_preset=&#8221;default&#8221; background_color=&#8221;#000000&#8243; global_colors_info=&#8221;{}&#8221;][et_pb_row column_structure=&#8221;1_2,1_2&#8243; _builder_version=&#8221;4.18.1&#8243; _module_preset=&#8221;default&#8221; global_colors_info=&#8221;{}&#8221;][et_pb_column type=&#8221;1_2&#8243; _builder_version=&#8221;4.18.1&#8243; _module_preset=&#8221;default&#8221; global_colors_info=&#8221;{}&#8221;][et_pb_icon font_icon=&#8221;&#xe0f5;||divi||400&#8243; icon_color=&#8221;#FFFFFF&#8221; icon_width=&#8221;40px&#8221; _builder_version=&#8221;4.18.1&#8243; _module_preset=&#8221;default&#8221; global_colors_info=&#8221;{}&#8221;][\/et_pb_icon][et_pb_text _builder_version=&#8221;4.18.1&#8243; _module_preset=&#8221;default&#8221; header_text_color=&#8221;#100E58&#8243; header_3_font=&#8221;Aldrich||||||||&#8221; header_3_text_color=&#8221;#00208A&#8221; global_colors_info=&#8221;{}&#8221;]<\/p>\n<h3 style=\"text-align: center;\"><span style=\"color: #ffffff;\">Misi\u00f3n<\/span><\/h3>\n<p>[\/et_pb_text][et_pb_text _builder_version=&#8221;4.18.1&#8243; _module_preset=&#8221;default&#8221; global_colors_info=&#8221;{}&#8221;]<\/p>\n<p><span style=\"color: #ffffff;\">Proveer soluciones integrales de alta innovaci\u00f3n tecnol\u00f3gica adaptadas a las necesidades del cliente, asesor\u00e1ndolo de forma transparente y ofreciendo servicios de calidad.<\/span><\/p>\n<p>[\/et_pb_text][\/et_pb_column][et_pb_column type=&#8221;1_2&#8243; _builder_version=&#8221;4.18.1&#8243; _module_preset=&#8221;default&#8221; global_colors_info=&#8221;{}&#8221;][et_pb_icon font_icon=&#8221;&#xf06e;||fa||900&#8243; icon_color=&#8221;#FFFFFF&#8221; icon_width=&#8221;40px&#8221; _builder_version=&#8221;4.18.1&#8243; _module_preset=&#8221;default&#8221; global_colors_info=&#8221;{}&#8221;][\/et_pb_icon][et_pb_text _builder_version=&#8221;4.18.1&#8243; _module_preset=&#8221;default&#8221; header_3_font=&#8221;Aldrich||||||||&#8221; header_3_text_color=&#8221;#00208A&#8221; global_colors_info=&#8221;{}&#8221;]<\/p>\n<h3 style=\"text-align: center;\"><span style=\"color: #ffffff;\">Visi\u00f3n<\/span><\/h3>\n<p>[\/et_pb_text][et_pb_text _builder_version=&#8221;4.18.1&#8243; _module_preset=&#8221;default&#8221; global_colors_info=&#8221;{}&#8221;]<\/p>\n<p><span style=\"color: #ffffff;\">Posicionarnos como una empresa l\u00edder en la implementaci\u00f3n y seguridad tecnol\u00f3gica a nivel nacional e internacional, siendo conocida por su innovaci\u00f3n, compromiso y calidad.<\/span><\/p>\n<p>[\/et_pb_text][\/et_pb_column][\/et_pb_row][\/et_pb_section][et_pb_section fb_built=&#8221;1&#8243; _builder_version=&#8221;4.18.1&#8243; _module_preset=&#8221;default&#8221; background_color=&#8221;#FFFFFF&#8221; global_colors_info=&#8221;{}&#8221;][et_pb_row _builder_version=&#8221;4.18.1&#8243; _module_preset=&#8221;default&#8221; global_colors_info=&#8221;{}&#8221;][et_pb_column type=&#8221;4_4&#8243; _builder_version=&#8221;4.18.1&#8243; _module_preset=&#8221;default&#8221; global_colors_info=&#8221;{}&#8221;][et_pb_text _builder_version=&#8221;4.18.1&#8243; _module_preset=&#8221;default&#8221; header_font=&#8221;Aldrich||||||||&#8221; transform_scale=&#8221;138%|138%&#8221; global_colors_info=&#8221;{}&#8221;]<\/p>\n<h1 style=\"text-align: center;\"><span style=\"color: #000080;\">Servicios<\/span><\/h1>\n<p style=\"text-align: center;\"><span style=\"color: #000080;\">Desarrolladores de soluciones dise\u00f1ados a tu medida\u00a0<\/span><\/p>\n<p><span style=\"color: #000080;\"><\/span><\/p>\n<p>[\/et_pb_text][\/et_pb_column][\/et_pb_row][et_pb_row column_structure=&#8221;2_3,1_3&#8243; _builder_version=&#8221;4.18.1&#8243; _module_preset=&#8221;default&#8221; global_colors_info=&#8221;{}&#8221;][et_pb_column type=&#8221;2_3&#8243; _builder_version=&#8221;4.18.1&#8243; _module_preset=&#8221;default&#8221; global_colors_info=&#8221;{}&#8221;][et_pb_image src=&#8221;https:\/\/telysel.com\/wp-content\/uploads\/2024\/09\/cctv.png&#8221; title_text=&#8221;cctv&#8221; url=&#8221;@ET-DC@eyJkeW5hbWljIjp0cnVlLCJjb250ZW50IjoicG9zdF9saW5rX3VybF9wYWdlIiwic2V0dGluZ3MiOnsicG9zdF9pZCI6IjEzOSJ9fQ==@&#8221; _builder_version=&#8221;4.18.1&#8243; _dynamic_attributes=&#8221;url&#8221; _module_preset=&#8221;default&#8221; hover_enabled=&#8221;0&#8243; global_colors_info=&#8221;{}&#8221; sticky_enabled=&#8221;0&#8243;][\/et_pb_image][\/et_pb_column][et_pb_column type=&#8221;1_3&#8243; _builder_version=&#8221;4.18.1&#8243; _module_preset=&#8221;default&#8221; global_colors_info=&#8221;{}&#8221;][et_pb_image src=&#8221;https:\/\/telysel.com\/wp-content\/uploads\/2024\/09\/4-1.png&#8221; title_text=&#8221;4&#8243; url=&#8221;@ET-DC@eyJkeW5hbWljIjp0cnVlLCJjb250ZW50IjoicG9zdF9saW5rX3VybF9wYWdlIiwic2V0dGluZ3MiOnsicG9zdF9pZCI6IjE1NiJ9fQ==@&#8221; _builder_version=&#8221;4.18.1&#8243; _dynamic_attributes=&#8221;url&#8221; _module_preset=&#8221;default&#8221; transform_translate=&#8221;0px|39px&#8221; global_colors_info=&#8221;{}&#8221;][\/et_pb_image][\/et_pb_column][\/et_pb_row][et_pb_row column_structure=&#8221;1_3,1_3,1_3&#8243; _builder_version=&#8221;4.18.1&#8243; _module_preset=&#8221;default&#8221; global_colors_info=&#8221;{}&#8221;][et_pb_column type=&#8221;1_3&#8243; _builder_version=&#8221;4.18.1&#8243; _module_preset=&#8221;default&#8221; global_colors_info=&#8221;{}&#8221;][et_pb_image src=&#8221;https:\/\/telysel.com\/wp-content\/uploads\/2024\/09\/3-1.png&#8221; title_text=&#8221;3&#8243; url=&#8221;@ET-DC@eyJkeW5hbWljIjp0cnVlLCJjb250ZW50IjoicG9zdF9saW5rX3VybF9wYWdlIiwic2V0dGluZ3MiOnsicG9zdF9pZCI6IjIyNyJ9fQ==@&#8221; _builder_version=&#8221;4.18.1&#8243; _dynamic_attributes=&#8221;url&#8221; _module_preset=&#8221;default&#8221; global_colors_info=&#8221;{}&#8221;][\/et_pb_image][\/et_pb_column][et_pb_column type=&#8221;1_3&#8243; _builder_version=&#8221;4.18.1&#8243; _module_preset=&#8221;default&#8221; global_colors_info=&#8221;{}&#8221;][et_pb_image src=&#8221;https:\/\/telysel.com\/wp-content\/uploads\/2024\/09\/2.png&#8221; title_text=&#8221;2&#8243; url=&#8221;@ET-DC@eyJkeW5hbWljIjp0cnVlLCJjb250ZW50IjoicG9zdF9saW5rX3VybF9wYWdlIiwic2V0dGluZ3MiOnsicG9zdF9pZCI6IjI0MCJ9fQ==@&#8221; _builder_version=&#8221;4.18.1&#8243; _dynamic_attributes=&#8221;url&#8221; _module_preset=&#8221;default&#8221; global_colors_info=&#8221;{}&#8221;][\/et_pb_image][\/et_pb_column][et_pb_column type=&#8221;1_3&#8243; _builder_version=&#8221;4.18.1&#8243; _module_preset=&#8221;default&#8221; global_colors_info=&#8221;{}&#8221;][et_pb_image src=&#8221;https:\/\/telysel.com\/wp-content\/uploads\/2024\/09\/imagens.png&#8221; title_text=&#8221;imagens&#8221; url=&#8221;@ET-DC@eyJkeW5hbWljIjp0cnVlLCJjb250ZW50IjoicG9zdF9saW5rX3VybF9wYWdlIiwic2V0dGluZ3MiOnsicG9zdF9pZCI6IjE2NSJ9fQ==@&#8221; _builder_version=&#8221;4.18.1&#8243; _dynamic_attributes=&#8221;url&#8221; _module_preset=&#8221;default&#8221; hover_enabled=&#8221;0&#8243; global_colors_info=&#8221;{}&#8221; sticky_enabled=&#8221;0&#8243;][\/et_pb_image][\/et_pb_column][\/et_pb_row][\/et_pb_section]<\/p>\n","protected":false},"excerpt":{"rendered":"<p>Telecomunicaciones y Seguridad Electr\u00f3nica Somos una empresa hondure\u00f1a dedicada a la integraci\u00f3n de soluciones de tecnolog\u00eda, comprometidos en la calidad de los productos y servicios ofrecidos a nuestros clientes. Contamos con un equipo de profesionales especializados en infraestructura de redes, dise\u00f1o, configuraci\u00f3n, administraci\u00f3n y mantenimiento.Compromiso, Innovaci\u00f3n y Calidad Nos distinguimos por ofrecer cotidianamente a cada [&hellip;]<\/p>\n","protected":false},"author":2,"featured_media":0,"parent":0,"menu_order":0,"comment_status":"closed","ping_status":"closed","template":"","meta":{"_et_pb_use_builder":"on","_et_pb_old_content":"","_et_gb_content_width":"","footnotes":""},"class_list":["post-73","page","type-page","status-publish","hentry"],"jetpack_sharing_enabled":true,"_links":{"self":[{"href":"https:\/\/telysel.com\/index.php?rest_route=\/wp\/v2\/pages\/73","targetHints":{"allow":["GET"]}}],"collection":[{"href":"https:\/\/telysel.com\/index.php?rest_route=\/wp\/v2\/pages"}],"about":[{"href":"https:\/\/telysel.com\/index.php?rest_route=\/wp\/v2\/types\/page"}],"author":[{"embeddable":true,"href":"https:\/\/telysel.com\/index.php?rest_route=\/wp\/v2\/users\/2"}],"replies":[{"embeddable":true,"href":"https:\/\/telysel.com\/index.php?rest_route=%2Fwp%2Fv2%2Fcomments&post=73"}],"version-history":[{"count":47,"href":"https:\/\/telysel.com\/index.php?rest_route=\/wp\/v2\/pages\/73\/revisions"}],"predecessor-version":[{"id":382,"href":"https:\/\/telysel.com\/index.php?rest_route=\/wp\/v2\/pages\/73\/revisions\/382"}],"wp:attachment":[{"href":"https:\/\/telysel.com\/index.php?rest_route=%2Fwp%2Fv2%2Fmedia&parent=73"}],"curies":[{"name":"wp","href":"https:\/\/api.w.org\/{rel}","templated":true}]}}